t d(n) be the second derivative of 13*n**3/6 - 113*n**2/2 + 716*n + 2. Calculate d(9).
4
Let j(x) be the third derivative of -5*x**6/12 + x**5/60 + x**4/24 - x**3/6 + 18*x**2. Let o be j(1). Let m = 47 + o. Let l(z) = 3*z**2 + 2*z + 3. What is l(m)?
11
Let y(x) = x**3 + 18*x**2 - x - 18. Suppose -5*c + 3*t = 15, 24 = 3*c - t + 29. Let p(q) = q**2 - 17*q - 18. Let v be p(c). What is y(v)?
0
Let s(t) = 71*t**3 - 9*t**2 + 8*t. Suppose 5*o = 2*z + 7 - 18, 4*z + 3*o = -17. Let x(j) = -35*j**3 + 4*j**2 - 3*j. Let q(r) = z*s(r) - 5*x(r). What is q(-1)?
-34
Let f(k) = -k**3 + 8*k**2 - 3*k - 5. Let l = 317 - 315. Suppose 4*y - 4*s = 40, -2*y - 3*s + 7 = l. Give f(y).
23
Let o(t) be the first derivative of 41*t + 1/12*t**4 - 1/2*t**2 - 2/3*t**3 + 21. Let v(g) be the first derivative of o(g). Give v(5).
4
Let t(h) = -h + 23. Suppose 0 = 357*w - 355*w - 14. Calculate t(w).
16
Let h(q) = 2 + 6 + q - 5*q**2 - 4*q**2 + 5*q - q**3 + 4*q**2. Suppose j + 2*y = y + 22, -40 = -2*j - y. Suppose -3*o = g - 6*o + j, 3*g + 5*o = 2. Give h(g).
8
Let g(r) = 685*r - 15 - 345*r - 337*r. Calculate g(9).
12
Let k(l) = -2*l - 8. Let r(h) = 1. Let q be ((-4)/(-10))/(7/(-70)). Let b be (-198)/176 + 2/16. Let o(g) = b*k(g) + q*r(g). What is o(3)?
10
Let i(g) = -22*g + 296 + 320 + 328 - 1066. Give i(-6).
10
Let v(o) = 13*o**3 - 536*o**2 + 19*o + 37. Let n(d) = -7*d**3 + 293*d**2 - 10*d - 19. Let h(z) = 11*n(z) + 6*v(z). Calculate h(-6).
25
Let h(v) = 53*v - 46. Let r be h(1). Let i(b) = -2 - 8 - 1 + 1 + 3*b - r. Determine i(7).
4
Let o(g) be the second derivative of -g**4/12 - 13*g**3/6 + 4*g**2 + 1551*g. Determine o(-14).
-6
Let n(x) = 7*x + 19. Let s be (1116/(-24))/(-31)*(-22)/3. Give n(s).
-58
Let j(m) = m**2 - 2*m - 17. Let f(s) = 257*s + 1279. Let u be f(-5). What is j(u)?
31
Let l be (1 - 52)/(11/(-11)). Let n = l + 96. Let v(i) = 150*i - n*i - 2 - 2*i**3 + 3*i**2 + i**3. What is v(4)?
-6
Let b = 5 - 2. Suppose 3*a + b = -3. Let u(p) be the first derivative of -p**3 + p**2/2 + 2*p + 8660. Give u(a).
-12
Suppose -9*v + 26*v = 6*v - 55. Let s(i) = 9*i + 51. Determine s(v).
6
Let w(u) be the first derivative of -2*u + 1/2*u**2 - 19. What is w(2)?
0
Let s(k) = -4 + 1 + 1 + 2 - k. Let t(p) = 2*p - 10. Let a be t(9). Suppose c - 5*c - a = 0. What is s(c)?
2
Let f be ((6/(-21))/(1/(-7)))/((-8)/12). Let o(p) = p**3 + 3*p**2 - 7*p - 8. Determine o(f).
13
Let l = 505 + -506. Let t be (1*4/(-2))/l. Let p(c) = -19*c + 1. What is p(t)?
-37
Let v(z) = 9*z**2 + 162*z + 389. Let b be v(-15). Let g(a) = 2*a**3 + 29*a**2 - 49*a + 1. Give g(b).
17
Let s(n) = 8*n**3 + 35*n**2 + 5*n + 41. Let z = 181 + -192. Let f(k) = -3*k**3 - 12*k**2 - 2*k - 14. Let v(m) = z*f(m) - 4*s(m). Give v(8).
6
Let w(h) = -134060*h - 17 + 67028*h + 67031*h. Let x(t) = 10*t**3 - t**2 + 1. Let q be x(-1). Determine w(q).
-7
Let z(l) = -76*l + 621. Let t be z(8). Let j(d) = -d**3 + 12*d**2 + 8*d + 69. Determine j(t).
4
Let y(t) = t + 7. Suppose -4*a + 5 = -3*n, -6 = 2*n - 2*a - 0*a. Let h be y(n). Suppose x + h = -2. Let m(p) = p**3 + 3*p**2 + 3*p + 3. What is m(x)?
1
Let g(z) = -2*z - 7*z - 212*z**3 + 20*z + 208*z**3 + 9 + z**2. Calculate g(-1).
3
Let v(u) = -3*u - 7. Suppose 6*h + 40 = 2*h - 4*n, -2*h - 3*n = 23. Calculate v(h).
14
Suppose -19*q + 16*q = -5*v + 40, -3*v = -3*q - 36. Let d(j) = j**2 + 13*j - 1. Determine d(q).
-31
Let u(q) = -q**3 + 4*q**2 - 3*q + 2. Let z = -283 + 285. Suppose 5*w - 21 = 4*i - 6*i, -2*w + z = 4*i. What is u(w)?
-38
Let g(l) = l - 4. Let a be (400/(-26))/(-5) + (-13)/169. Suppose -z = -5*d + 10, 2*d - 2*z - 1 = -5. Suppose -d*v + 3 = -a. Calculate g(v).
-2
Let k(w) = 31*w - 154. Suppose -4*h + 13*h = -8*h + 85. Determine k(h).
1
Let h(l) = -1311*l + 2633*l - 1314*l - 1 - 3*l**2 + 5. Calculate h(4).
-12
Let w(i) = 2*i - 11. Let a(r) = r - 1. Let k be (-1)/4*(-21 + 1). Let x(o) = -8*o - 25. Let m(n) = k*a(n) + x(n). Let l be m(-13). What is w(l)?
7
Let f(l) = 4*l + 1. Let k(v) = v**3 + 5*v**2 + 4*v. Suppose -2*o + 26 = -5*y, o - 2*o = 4*y + 13. Let b be k(y). Let i = b - 4. What is f(i)?
-15
Let r(z) be the first derivative of 5/2*z**2 - 126 + z. Calculate r(7).
36
Suppose k + 2*b = 81, -2*b + 162 = 2*k - 6*b. Let r = k + -83. Let y(p) = -p**2 - 2*p - 1. Give y(r).
-1
Let v(k) = k + 10. Let r be (-5785)/(-10) + (-2)/(-4). Let w = 570 - r. Calculate v(w).
1
Suppose -650 = -4*t - 5*p + 64, -5*t + 5*p + 870 = 0. Let v(z) = -177 + 344 + z**3 + 4*z**2 - 7*z - t. Give v(-5).
1
Let j(f) be the first derivative of -6*f**2 - 2*f - 18886. Suppose -3*p - 6 + 15 = 0. Calculate j(p).
-38
Suppose -3*r + 2*u - 1863 = 0, -2*u + 2484 = -0*r - 4*r. Let y be (-3 + -1 + 3)*r. Let q(a) = 7 - 619*a - 2 + y*a. Determine q(-4).
-3
Let r(h) = h**2 + 15*h + 54. Let j be r(-8). Let c be (-66)/j*(66/18 + -4). Let u(v) = v + 7. Determine u(c).
-4
Let u(p) = 27*p - 62. Let b(m) = 75*m - 191. Let d(j) = 5*b(j) - 14*u(j). What is d(-12)?
-51
Let z = 0 + 6. Let q(o) be the second derivative of -o**3/2 + 11*o**2/2 - 8*o - 27. Give q(z).
-7
Suppose 10*c - 30*c = 12*c. Let k(s) = -s**2 - 2*s + 11. What is k(c)?
11
Let r(i) = 4*i**2 + i + 4. Let s be r(1). Let w(h) = -3 + s - 2 - 41*h + 34*h - 7. Determine w(-2).
11
Let m(d) = -11*d**3 + 1. Let k(q) = 18*q - 101. Let o(u) = 54*u - 307. Let p(f) = -17*k(f) + 6*o(f). Let t be p(7). Give m(t).
-10
Let z(j) be the third derivative of -j**6/120 - j**5/12 + 7*j**4/12 - 5*j**3/6 - 45606*j**2. Let y = 10 + -17. Determine z(y).
-5
Let g(s) = 3*s - 7. Suppose -4*j - 104 = l + 2*l, 4*l - 3*j + 172 = 0. Let m = l + 45. Suppose 4*p - 15 = -3*t, m*t - 5*p - 15 = 2*t. What is g(t)?
8
Let q be (-7)/(-3)*(-2)/(12/18). Let b(k) = -3*k + 11. Let c(m) = 4*m - 12. Let n(u) = -6*b(u) - 5*c(u). What is n(q)?
8
Let c be 12/(-6) + (3 - 1). Suppose 5*q - 3*w - 30 = 0, 0 = 2*q + 28*w - 30*w - 16. Let v(o) = -4*o**3 - 10 + 11*o**3 - q*o**3 - 2 - 5*o**3. Calculate v(c).
-12
Suppose -33 = -76*i + 172 + 23. Let u be (11/3)/(1/3). Let k(m) = 23 - u + m**i - 8 - 8*m**2 - 13 + 9*m. What is k(7)?
5
Let j(a) be the first derivative of 3*a**2 - 2*a + 1. Let n = -455071 - -455073. Give j(n).
10
Let v(j) be the second derivative of -j**3/6 - 2*j**2 + 16680*j. Suppose -20 = 2*d - 0. Let o = -15 - d. What is v(o)?
1
Suppose -2 = 3*j + c - 3, -4*c - 20 = 0. Let r(o) = -3*o + 0*o + 12*o**2 - j - 11*o**2. What is r(5)?
8
Let p(b) = b**2 - 4*b - 4. Let g be p(5). Let f(m) = -139*m**3 + 84*m**3 - 5 + 3 + 60*m**3 + 1. What is f(g)?
4
Let v(n) = -387*n + 174*n - n**2 - 6 + 201*n. Give v(-12).
-6
Suppose -9536 + 9368 = 56*v. Let h(j) = -3*j**3 + 3*j**2 + 2*j - 3. Let l(p) = 2*p**3 - p**2 - p + 1. Let n(y) = -3*h(y) - 5*l(y). What is n(v)?
-2
Let p(g) = g**3 - 10*g**2 + 47*g - 323. Let k be p(9). Let h(j) = 4*j - 84. Determine h(k).
-8
Let k(p) = 10*p + 51 - 50*p + 7*p + 12*p + 14*p. Give k(8).
-5
Let p(y) be the second derivative of 1/60*y**5 + 5/24*y**4 - 1/2*y**2 - 16*y + 4/3*y**3 + 0. Let f(c) be the first derivative of p(c). Calculate f(-6).
14
Suppose 718*x = 736*x + 36. Let q(r) = r**2 + 15*r + 33. Calculate q(x).
7
Let a(v) = 11*v + 3. Let x(n) = -165*n - 44. Let o be (-1790)/(-40) + ((-22)/8 - -2). Let u(k) = o*a(k) + 3*x(k). Suppose 20*d - 12 = -52. Give u(d).
22
Let k(z) = -z**2 - 13*z + 22. Suppose 1076 = -97*r - 379. Calculate k(r).
-8
Let b(a) be the second derivative of 0 - a**4 - 1/20*a**5 + 9*a**2 - 3/2*a**3 - 20*a. Let o be b(-11). Let k(g) = -g**2 - 5*g + 5. What is k(o)?
9
Let i(l) be the second derivative of -l**3/2 - 49*l**2/2 - 3859*l. Calculate i(-14).
-7
Suppose 42*j + 272 + 81 = 59. Let w(p) = p**3 + 6*p**2 - 7*p + 15. What is w(j)?
15
Suppose -2*s = 8, -4 = o + 3*s + 4. Let l = -244 - -244. Suppose 20 + l = -o*t. Let a(m) = -m**2 - 3*m - 3. Give a(t).
-13
Let b(p) be the third derivative of p**6/120 - p**5/60 - 13*p**4/24 + 7*p**3/2 + 5092*p**2. Determine b(3).
0
Let d(p) = -13*p + 330. Let n(a) = -132*a + 3432. Let l(h) = 42*d(h) - 4*n(h). Determine l(6).
24
Let k(w) = -117*w - 1129. Let u(g) = 30*g + 376. Let y(d) = 2*k(d) + 7*u(d). Determine y(15).
14
Let c = 55 - 40. Suppose 480*f = 477*f + c. Let k(o) = 2*o - 6. Give k(f).
4
Let v(m) = -3*m**2 - 3*m + 1. Let q(t) = -t**2 - 7*t + 30. Let j be q(-10). Suppose -7*l = -j*l - 7. What is v(l)?
-5
Let u(m) = -10*m**2 - 1. Let v(d) be the fi